 composite?
False
Is 611305041 a composite number?
True
Is 1278321571 composite?
True
Is 27144670031 a prime number?
True
Is 18564672659 a prime number?
False
Is 102633373 a composite number?
True
Is 37414651633 composite?
True
Is 199466335407 composite?
True
Is 2322354511 composite?
True
Is 35960217991 a composite number?
True
Is 667114891 composite?
False
Is 1253767243 a composite number?
False
Is 2802455489 composite?
True
Is 729109679 a composite number?
True
Is 153636982901 composite?
False
Is 219969877 prime?
False
Is 5550724727 a prime number?
True
Is 5474639 a composite number?
True
Is 51432635341 prime?
True
Is 4776128563 a prime number?
False
Is 6178614887 a composite number?
False
Is 9201011873 a composite number?
False
Is 3938059127 a composite number?
False
Is 38454095419 a composite number?
False
Is 8397092551 a composite number?
True
Is 13044825223 composite?
False
Is 891089651 composite?
False
Is 132401749 prime?
False
Is 2558973167 composite?
False
Is 599243419 prime?
False
Is 89467497599 composite?
True
Is 3965680387 composite?
True
Is 31670645953 a composite number?
False
Is 52977593989 composite?
True
Is 2589020851 prime?
False
Is 5714962801 prime?
True
Is 6254798087 prime?
True
Is 288639759 a prime number?
False
Is 1098622783 prime?
True
Is 1774608347 a composite number?
True
Is 6765953321 a prime number?
False
Is 1745984561 prime?
True
Is 75021285497 a composite number?
True
Is 23908845097 a composite number?
True
Is 68703730741 a composite number?
False
Is 1615659611 prime?
False
Is 757248131 a composite number?
False
Is 147274291 a prime number?
True
Is 10748653049 composite?
False
Is 13588914167 a prime number?
False
Is 46040815229 prime?
True
Is 2463913223 prime?
True
Is 872848813 a composite number?
False
Is 8898489449 a composite number?
False
Is 157495931 composite?
True
Is 822435647 a prime number?
False
Is 1510905197 a prime number?
False
Is 3834930451 a prime number?
False
Is 20933922073 a prime number?
False
Is 6981546277 prime?
True
Is 295187909 a prime number?
True
Is 2178845027 prime?
True
Is 2128082729 prime?
False
Is 1184686253 a composite number?
False
Is 64272549233 a composite number?
True
Is 725187277 a prime number?
True
Is 551410523 a prime number?
False
Is 12093934493 a composite number?
False
Is 9003552253 a composite number?
True
Is 276560633 composite?
True
Is 26773030771 a prime number?
False
Is 1092581107 a composite number?
True
Is 4680311198 prime?
False
Is 213874103 a composite number?
False
Is 13439900269 prime?
True
Is 2927082289 prime?
True
Is 3095903699 a prime number?
False
Is 8412105799 prime?
True
Is 1399916341 prime?
False
Is 102956221103 a prime number?
False
Is 502637911 a composite number?
True
Is 258709603 prime?
True
Is 90192120787 a composite number?
False
Is 274832273 composite?
True
Is 946098017 composite?
True
Is 13449178891 a prime number?
False
Is 44593607294 composite?
True
Is 1847318051 a composite number?
False
Is 72357068191 a composite number?
False
Is 12780959833 a composite number?
True
Is 666528253 a composite number?
False
Is 5020782461 prime?
False
Is 160239953 composite?
False
Is 57294855799 prime?
True
Is 12722500169 a prime number?
False
Is 1984305551 a composite number?
False
Is 62564477 composite?
False
Is 688903081 a prime number?
False
Is 100225534571 a prime number?
True
Is 1747646759 composite?
False
Is 2833975723 a composite number?
True
Is 316562723 a prime number?
True
Is 5433854939 composite?
False
Is 533076311 prime?
True
Is 5775716293 a prime number?
False
Is 8709084653 a prime number?
True
Is 413955583 a prime number?
True
Is 41637927391 prime?
False
Is 2991830917 a composite number?
False
Is 12252348809 composite?
True
Is 71953471 composite?
True
Is 21270993437 a prime number?
False
Is 4044775417 a composite number?
False
Is 3693961541 a composite number?
False
Is 50233714777 a prime number?
True
Is 65922217 composite?
False
Is 4210775609 a prime number?
True
Is 9179013353 prime?
True
Is 44258031719 composite?
True
Is 32115357619 prime?
True
Is 4373010919 prime?
True
Is 163217287 prime?
True
Is 159769840299 a composite number?
True
Is 12705857789 a composite number?
True
Is 9257019643 composite?
False
Is 49965885181 composite?
True
Is 14854547 a composite number?
False
Is 26227409927 composite?
False
Is 3202925639 a composite number?
False
Is 8233774663 a composite number?
False
Is 4861888453 a prime number?
False
Is 26066029 a prime number?
False
Is 702418043 prime?
False
Is 360177941 prime?
False
Is 37206120293 prime?
True
Is 427124345 composite?
True
Is 3737493989 composite?
False
Is 10024380337 a prime number?
True
Is 514215517 composite?
False
Is 113791259 prime?
False
Is 228071923 a composite number?
False
Is 12171415481 a composite number?
False
Is 25962454633 a prime number?
False
Is 7739958581 a composite number?
True
Is 2974936091 a composite number?
True
Is 29183619379 composite?
False
Is 18046238313 a composite number?
True
Is 8596139 prime?
False
Is 35350875349 prime?
True
Is 14617285567 prime?
True
Is 64843341919 prime?
True
Is 881415053 a prime number?
False
Is 12196427 prime?
True
Is 385900397 composite?
True
Is 132234097 composite?
False
Is 1213038691 composite?
False
Is 5880636157 a prime number?
False
Is 2581472483 prime?
False
Is 37021759833 composite?
True
Is 13153809799 a prime number?
False
Is 6104908171 prime?
True
Is 35984633 a composite number?
True
Is 2072302667 a composite number?
False
Is 201631507517 composite?
True
Is 200223101443 prime?
True
Is 13450470029 composite?
True
Is 27364866671 a composite number?
True
Is 727858127 composite?
False
Is 26772619787 composite?
True
Is 259191923 a composite number?
True
Is 2373146077 composite?
False
Is 25512763867 prime?
True
Is 270006852217 a composite number?
False
Is 7869981694 a prime number?
False
Is 87922086979 composite?
False
Is 3950519009 a composite number?
False
Is 39306459091 a composite number?
True
Is 46455168607 a prime number?
True
Is 14147287981 composite?
False
Is 815619653 a prime number?
False
Is 12875782769 composite?
False
Is 287397349 prime?
True
Is 2066903821 composite?
True
Is 113686032607 a prime number?
False
Is 367244357 prime?
True
Is 561134359 a composite number?
True
Is 32721563593 composite?
False
Is 11926831162 a prime number?
False
Is 393287771 composite?
False
Is 1383262421 a composite number?
False
Is 3124792109 composite?
True
Is 14390165654 composite?
True
Is 1549264051 composite?
True
Is 13927889197 a prime number?
False
Is 55637666471 composite?
True
Is 6317293933 prime?
True
Is 9136493417 prime?
True
Is 1250491535 prime?
False
Is 2319736889 a prime number?
True
Is 49123644179 a prime number?
True
Is 2684746483 composite?
False
Is 5759169133 a prime number?
False
Is 77113675459 a composite number?
False
Is 15176336699 a composite number?
True
Is 529523521 prime?
False
Is 1474755097 composite?
True
Is 254199235 prime?
False
Is 2178405367 prime?
False
Is 24014148679 a prime number?
False
Is 45098628713 prime?
True
Is 1242482959 prime?
False
Is 736947769 a composite number?
False
Is 3100536547 a prime number?
False
Is 59709609611 prime?
True
Is 53001167 a composite number?
True
Is 24241393781 a composite number?
True
Is 4870957517 composite?
False
Is 177704902653 composite?
True
Is 726554827 prime?
False
Is 24213911693 composite?
False
Is 18897513077 prime?
False
Is 29529199591 a prime number?
True
Is 17026566677 a composite number?
True
Is 852580763 composite?
False
Is 4471402451 prime?
False
Is 8782322141 a prime number?
True
Is 5438214499 a composite number?
True
Is 365216353 composite?
True
Is 673401829 a composite number?
False
Is 208146541 a composite number?
False
Is 195715602623 composite?
False
Is 3249123281 prime?
False
Is 1087274869 composite?
False
Is 911458029 composite?
True
Is 81984935 a composite number?
True
Is 7428654151 composite?
False
Is 57942116249 prime?
False
Is 24766008109 a composite number?
True
Is 20062623097 a prime number?
False
Is 277663709 composite?
True
Is 381421199 composite?
True
Is 77548381805 a prime number?
False
Is 42178291993 a composite number?
True
Is 9311579713 a composite number?
False
Is 23742902 a prime number?
False
Is 6211217387 composite?
True
Is 27047764879 composite?
False
Is 1637801